{"id":2207,"date":"2016-07-16T08:38:49","date_gmt":"2016-07-16T08:38:49","guid":{"rendered":"http:\/\/lafranglaisedesign.com\/elf\/home\/?lang=fr"},"modified":"2022-11-19T12:21:20","modified_gmt":"2022-11-19T12:21:20","slug":"home","status":"publish","type":"page","link":"https:\/\/earllesfromentaux.com\/fr\/home\/","title":{"rendered":"Accueil"},"content":{"rendered":"<div class=\"wpb-content-wrapper\"><p>[vc_row][vc_column css=\u00a0\u00bb.vc_custom_1485266477660{background-color: #ede9d5 !important;}\u00a0\u00bb][vc_column_text]<img loading=\"lazy\" decoding=\"async\" class=\"size-medium wp-image-1994 alignright\" src=\"http:\/\/www.earllesfromentaux.com\/wp-content\/uploads\/2016\/07\/earl-les-fromentaux-logo-web-300x141.png\" alt=\"EARL Les Fromentaux\" width=\"300\" height=\"141\" srcset=\"https:\/\/earllesfromentaux.com\/wp-content\/uploads\/2016\/07\/earl-les-fromentaux-logo-web-300x141.png 300w, https:\/\/earllesfromentaux.com\/wp-content\/uploads\/2016\/07\/earl-les-fromentaux-logo-web-600x281.png 600w, https:\/\/earllesfromentaux.com\/wp-content\/uploads\/2016\/07\/earl-les-fromentaux-logo-web.png 685w\" sizes=\"auto, (max-width: 300px) 100vw, 300px\" \/><\/p>\n<h1>Bienvenue \u00e0<br \/>\nEARL Les Fromentaux<\/h1>\n<p>Nous sommes localis\u00e9s dans le d\u00e9partement 36 (Indre) au centre de la France et nous sommes producteurs de viandes de b\u0153uf, agneau, veau et volaille. Nous distribuons \u00e9galement du porc local, que nous travaillons ici \u00e0 la ferme et transformons en saucisses \u00e0 l\u2019anglaise, bacon et jambon fum\u00e9.<\/p>\n<h3><\/h3>\n<p>[\/vc_column_text][\/vc_column][\/vc_row][vc_row css=\u00a0\u00bb.vc_custom_1485266614126{margin-top: 10px !important;padding-top: 20px !important;}\u00a0\u00bb][vc_column][vc_row_inner][vc_column_inner width=\u00a0\u00bb1\/3&Prime;][vc_column_text]<\/p>\n<h2 style=\"text-align: center;\">Nos\u00a0Produits<\/h2>\n<p>[\/vc_column_text][vc_single_image image=\u00a0\u00bb2637&Prime; img_size=\u00a0\u00bb300&#215;200&Prime; alignment=\u00a0\u00bbcenter\u00a0\u00bb style=\u00a0\u00bbvc_box_rounded\u00a0\u00bb onclick=\u00a0\u00bbcustom_link\u00a0\u00bb link=\u00a0\u00bbhttp:\/\/www.earllesfromentaux.com\/about-the-farm\/\u00a0\u00bb][vc_column_text]<\/p>\n<p style=\"text-align: center;\">Boeuf Limousin, \u00e9lev\u00e9 lentement pour une viande plus savoureuse. Notre b\u0153uf est suspendu pour un minimum de 14 jours. Du fait qu\u2019il soit d\u00e9pec\u00e9 ici \u00e0 la ferme, nous permet de r\u00e9pondre favorablement \u00e0 vos demandes de morceaux sp\u00e9cifiques. Pour en savoir plus sur nos animaux <a href=\"http:\/\/www.earllesfromentaux.com\/fr\/a-propos\/\">cliquez ici<\/a><\/p>\n<p>[\/vc_column_text][\/vc_column_inner][vc_column_inner width=\u00a0\u00bb1\/3&Prime;][vc_column_text]<\/p>\n<h2 style=\"text-align: center;\">Magasin<\/h2>\n<p>[\/vc_column_text][vc_single_image image=\u00a0\u00bb2627&Prime; img_size=\u00a0\u00bb300&#215;200&Prime; alignment=\u00a0\u00bbcenter\u00a0\u00bb style=\u00a0\u00bbvc_box_rounded\u00a0\u00bb onclick=\u00a0\u00bbcustom_link\u00a0\u00bb link=\u00a0\u00bbhttp:\/\/www.earllesfromentaux.com\/farm-shop\/\u00a0\u00bb][vc_column_text]<\/p>\n<p style=\"text-align: center;\">Venez nous rendre visite \u00e0 la Boutique de la Ferme o\u00f9 vous pourrez acheter notre viande en direct, ainsi que nos plats cuisin\u00e9s, y compris nos fameuses tourtes maison, \u00e9labor\u00e9es sur site avec notre propre viande. Vous trouverez \u00e9galement d\u2019autres produits r\u00e9gionaux et de saison. <a href=\"https:\/\/earllesfromentaux.com\/flyers\/PriceListDec2022.pdf\" target=\"_blank\" rel=\"noopener\"><strong>Cliquez ici <\/strong><\/a> pour acc\u00e9der \u00e0 la liste compl\u00e8te de nos produits et leurs prix.<\/p>\n<p>[\/vc_column_text][\/vc_column_inner][vc_column_inner width=\u00a0\u00bb1\/3&Prime;][vc_column_text]<\/p>\n<h2 style=\"text-align: center;\">March\u00e9s<\/h2>\n<p>[\/vc_column_text][vc_single_image image=\u00a0\u00bb2636&Prime; img_size=\u00a0\u00bb300&#215;200&Prime; alignment=\u00a0\u00bbcenter\u00a0\u00bb style=\u00a0\u00bbvc_box_rounded\u00a0\u00bb onclick=\u00a0\u00bbcustom_link\u00a0\u00bb link=\u00a0\u00bbhttp:\/\/www.earllesfromentaux.com\/category\/events\/markets\/\u00a0\u00bb][vc_column_text]<\/p>\n<p style=\"text-align: center;\">Retrouvez-nous chaque 29 du mois \u00e0 Les H\u00e9rolles et \u00e0 Celon tous les seconds et quatri\u00e8mes dimanches de chaque mois, ainsi que le premier dimanche du mois \u00e0 St Marcel. Appelez-nous au 02 54 25 34 73 afin que nous nous assurions d\u2019avoir ce que vous cherchez\u00a0!<\/p>\n<p>[\/vc_column_text][\/vc_column_inner][\/vc_row_inner][vc_row_inner][vc_column_inner width=\u00a0\u00bb1\/3&Prime;][vc_column_text]<\/p>\n<h2 style=\"text-align: center;\">Boutique Mobile et Soir\u00e9es Tourte<\/h2>\n<p>[\/vc_column_text][vc_single_image image=\u00a0\u00bb2648&Prime; img_size=\u00a0\u00bb300&#215;200&Prime; alignment=\u00a0\u00bbcenter\u00a0\u00bb style=\u00a0\u00bbvc_box_rounded\u00a0\u00bb onclick=\u00a0\u00bbcustom_link\u00a0\u00bb link=\u00a0\u00bbhttp:\/\/www.earllesfromentaux.com\/category\/events\/\u00a0\u00bb][vc_column_text]<\/p>\n<p style=\"text-align: center;\">Outre la boutique de la ferme, vous nous trouverez \u00e9galement \u00e0 notre Boutique Mobile et soir\u00e9e Tourte, quelque part pr\u00e8s de chez vous. Chacun de nos produits peut \u00eatre command\u00e9 et collect\u00e9 \u00e0 l\u2019un de ces \u00e9v\u00e8nements. Appelez-nous ou <a href=\"mailto:contact@earllesfromentaux.com\"><strong>envoyez-nous un mail<\/strong> <\/a>et nous assurerons de vous r\u00e9pondre \u00e0 vos d\u00e9sid\u00e9rata\u00a0!\/p&gt;<\/p>\n<p style=\"text-align: center;\">Nous d\u00e9pla\u00e7ons \u00e9galement notre Cuisine Mobile dans nos restaurants d\u2019accueil et proposons un choix de plats fraichement pr\u00e9par\u00e9s, ainsi que des tourtes servis avec nos frites maison coup\u00e9es \u00e0 la main et des l\u00e9gumes. <a href=\"http:\/\/facebook.com\/lesfromentaux\/events\" target=\"_blank\" rel=\"noopener\">Cliquez ici<\/a> pour voir o\u00f9 nous serons prochainement.<\/p>\n<p>[\/vc_column_text][\/vc_column_inner][vc_column_inner width=\u00a0\u00bb1\/3&Prime;][vc_column_text]<\/p>\n<h2 style=\"text-align: center;\">Service Traiteur<\/h2>\n<p>[\/vc_column_text][vc_single_image image=\u00a0\u00bb2638&Prime; img_size=\u00a0\u00bb300&#215;200&Prime; alignment=\u00a0\u00bbcenter\u00a0\u00bb style=\u00a0\u00bbvc_box_rounded\u00a0\u00bb onclick=\u00a0\u00bbcustom_link\u00a0\u00bb link=\u00a0\u00bbhttp:\/\/www.earllesfromentaux.com\/catering\/\u00a0\u00bb][vc_column_text]<\/p>\n<p style=\"text-align: center;\">Petit ou grand, formel ou informel, nous saurons vous proposer un menu qui satisfera vos go\u00fbts et votre budget. Anniversaire, f\u00eate de c\u00e9l\u00e9bration, mariage, quelle que soit l\u2019occasion, nous pouvons vous aider\u00a0!<\/p>\n<p style=\"text-align: center;\"><strong><a href=\"http:\/\/www.earllesfromentaux.com\/fr\/cote-traiteur\/\">Cliquez ici pour plus d\u2019information<\/a><\/strong><\/p>\n<p>[\/vc_column_text][\/vc_column_inner][vc_column_inner width=\u00a0\u00bb1\/3&Prime;][vc_column_text]<\/p>\n<h2 style=\"text-align: center;\">G\u00e2teaux pour occasions sp\u00e9ciales par Sue<\/h2>\n<p>[\/vc_column_text][vc_single_image image=\u00a0\u00bb2635&Prime; img_size=\u00a0\u00bb300&#215;200&Prime; alignment=\u00a0\u00bbcenter\u00a0\u00bb style=\u00a0\u00bbvc_box_rounded\u00a0\u00bb onclick=\u00a0\u00bbcustom_link\u00a0\u00bb link=\u00a0\u00bbhttp:\/\/www.earllesfromentaux.com\/cakes\u00a0\u00bb][vc_column_text]<\/p>\n<p style=\"text-align: center;\">Des g\u00e2teaux \u00e0 fa\u00e7on pour vous permettre de c\u00e9l\u00e9brer votre occasion sp\u00e9ciale. Votre g\u00e2teau sera cr\u00e9\u00e9 sur mesure, rien que pour vous et selon vos d\u00e9sid\u00e9ratas, et pour \u00eatre la pi\u00e8ce centrale de votre table de f\u00eate. <a href=\"http:\/\/www.earllesfromentaux.com\/fr\/contact\/\"><strong>Contactez-nous<\/strong><\/a> pour en discuter et \u00e9changer des id\u00e9es et les prix.<\/p>\n<p>[\/vc_column_text][\/vc_column_inner][\/vc_row_inner][rev_slider_vc alias=\u00a0\u00bbaccueil\u00a0\u00bb][\/vc_column][\/vc_row]<\/p>\n<\/div>","protected":false},"excerpt":{"rendered":"<p>[vc_row][vc_column css=\u00a0\u00bb.vc_custom_1485266477660{background-color: #ede9d5 !important;}\u00a0\u00bb][vc_column_text] Bienvenue \u00e0 EARL Les Fromentaux Nous sommes localis\u00e9s dans le d\u00e9partement 36 (Indre) au centre de la France et nous sommes producteurs de viandes de b\u0153uf, agneau, veau et volaille. Nous distribuons \u00e9galement du porc local, que nous travaillons ici \u00e0 la ferme et transformons en saucisses \u00e0 l\u2019anglaise, bacon et [&hellip;]<\/p>\n","protected":false},"author":2,"featured_media":0,"parent":0,"menu_order":0,"comment_status":"closed","ping_status":"closed","template":"","meta":{"footnotes":""},"class_list":["post-2207","page","type-page","status-publish","hentry"],"aioseo_notices":[],"_links":{"self":[{"href":"https:\/\/earllesfromentaux.com\/fr\/wp-json\/wp\/v2\/pages\/2207","targetHints":{"allow":["GET"]}}],"collection":[{"href":"https:\/\/earllesfromentaux.com\/fr\/wp-json\/wp\/v2\/pages"}],"about":[{"href":"https:\/\/earllesfromentaux.com\/fr\/wp-json\/wp\/v2\/types\/page"}],"author":[{"embeddable":true,"href":"https:\/\/earllesfromentaux.com\/fr\/wp-json\/wp\/v2\/users\/2"}],"replies":[{"embeddable":true,"href":"https:\/\/earllesfromentaux.com\/fr\/wp-json\/wp\/v2\/comments?post=2207"}],"version-history":[{"count":12,"href":"https:\/\/earllesfromentaux.com\/fr\/wp-json\/wp\/v2\/pages\/2207\/revisions"}],"predecessor-version":[{"id":3154,"href":"https:\/\/earllesfromentaux.com\/fr\/wp-json\/wp\/v2\/pages\/2207\/revisions\/3154"}],"wp:attachment":[{"href":"https:\/\/earllesfromentaux.com\/fr\/wp-json\/wp\/v2\/media?parent=2207"}],"curies":[{"name":"wp","href":"https:\/\/api.w.org\/{rel}","templated":true}]}}

<div class="wpb-content-wrapper"><p>[vc_row][vc_column css= ».vc_custom_1485266477660{background-color: #ede9d5 !important;} »][vc_column_text]<img loading="lazy" decoding="async" class="size-medium wp-image-1994 alignright" src="http://www.earllesfromentaux.com/wp-content/uploads/2016/07/earl-les-fromentaux-logo-web-300x141.png" alt="EARL Les Fromentaux" width="300" height="141" srcset="https://earllesfromentaux.com/wp-content/uploads/2016/07/earl-les-fromentaux-logo-web-300x141.png 300w, https://earllesfromentaux.com/wp-content/uploads/2016/07/earl-les-fromentaux-logo-web-600x281.png 600w, https://earllesfromentaux.com/wp-content/uploads/2016/07/earl-les-fromentaux-logo-web.png 685w" sizes="auto, (max-width: 300px) 100vw, 300px" /></p>
<h1>Bienvenue à<br />
EARL Les Fromentaux</h1>
<p>Nous sommes localisés dans le département 36 (Indre) au centre de la France et nous sommes producteurs de viandes de bœuf, agneau, veau et volaille. Nous distribuons également du porc local, que nous travaillons ici à la ferme et transformons en saucisses à l’anglaise, bacon et jambon fumé.</p>
<h3></h3>
<p>[/vc_column_text][/vc_column][/vc_row][vc_row css= ».vc_custom_1485266614126{margin-top: 10px !important;padding-top: 20px !important;} »][vc_column][vc_row_inner][vc_column_inner width= »1/3&Prime;][vc_column_text]</p>
<h2 style="text-align: center;">Nos Produits</h2>
<p>[/vc_column_text][vc_single_image image= »2637&Prime; img_size= »300&#215;200&Prime; alignment= »center » style= »vc_box_rounded » onclick= »custom_link » link= »http://www.earllesfromentaux.com/about-the-farm/ »][vc_column_text]</p>
<p style="text-align: center;">Boeuf Limousin, élevé lentement pour une viande plus savoureuse. Notre bœuf est suspendu pour un minimum de 14 jours. Du fait qu’il soit dépecé ici à la ferme, nous permet de répondre favorablement à vos demandes de morceaux spécifiques. Pour en savoir plus sur nos animaux <a href="http://www.earllesfromentaux.com/fr/a-propos/">cliquez ici</a></p>
<p>[/vc_column_text][/vc_column_inner][vc_column_inner width= »1/3&Prime;][vc_column_text]</p>
<h2 style="text-align: center;">Magasin</h2>
<p>[/vc_column_text][vc_single_image image= »2627&Prime; img_size= »300&#215;200&Prime; alignment= »center » style= »vc_box_rounded » onclick= »custom_link » link= »http://www.earllesfromentaux.com/farm-shop/ »][vc_column_text]</p>
<p style="text-align: center;">Venez nous rendre visite à la Boutique de la Ferme où vous pourrez acheter notre viande en direct, ainsi que nos plats cuisinés, y compris nos fameuses tourtes maison, élaborées sur site avec notre propre viande. Vous trouverez également d’autres produits régionaux et de saison. <a href="https://earllesfromentaux.com/flyers/PriceListDec2022.pdf" target="_blank" rel="noopener"><strong>Cliquez ici </strong></a> pour accéder à la liste complète de nos produits et leurs prix.</p>
<p>[/vc_column_text][/vc_column_inner][vc_column_inner width= »1/3&Prime;][vc_column_text]</p>
<h2 style="text-align: center;">Marchés</h2>
<p>[/vc_column_text][vc_single_image image= »2636&Prime; img_size= »300&#215;200&Prime; alignment= »center » style= »vc_box_rounded » onclick= »custom_link » link= »http://www.earllesfromentaux.com/category/events/markets/ »][vc_column_text]</p>
<p style="text-align: center;">Retrouvez-nous chaque 29 du mois à Les Hérolles et à Celon tous les seconds et quatrièmes dimanches de chaque mois, ainsi que le premier dimanche du mois à St Marcel. Appelez-nous au 02 54 25 34 73 afin que nous nous assurions d’avoir ce que vous cherchez !</p>
<p>[/vc_column_text][/vc_column_inner][/vc_row_inner][vc_row_inner][vc_column_inner width= »1/3&Prime;][vc_column_text]</p>
<h2 style="text-align: center;">Boutique Mobile et Soirées Tourte</h2>
<p>[/vc_column_text][vc_single_image image= »2648&Prime; img_size= »300&#215;200&Prime; alignment= »center » style= »vc_box_rounded » onclick= »custom_link » link= »http://www.earllesfromentaux.com/category/events/ »][vc_column_text]</p>
<p style="text-align: center;">Outre la boutique de la ferme, vous nous trouverez également à notre Boutique Mobile et soirée Tourte, quelque part près de chez vous. Chacun de nos produits peut être commandé et collecté à l’un de ces évènements. Appelez-nous ou <a href="mailto:contact@earllesfromentaux.com"><strong>envoyez-nous un mail</strong> </a>et nous assurerons de vous répondre à vos désidérata !/p&gt;</p>
<p style="text-align: center;">Nous déplaçons également notre Cuisine Mobile dans nos restaurants d’accueil et proposons un choix de plats fraichement préparés, ainsi que des tourtes servis avec nos frites maison coupées à la main et des légumes. <a href="http://facebook.com/lesfromentaux/events" target="_blank" rel="noopener">Cliquez ici</a> pour voir où nous serons prochainement.</p>
<p>[/vc_column_text][/vc_column_inner][vc_column_inner width= »1/3&Prime;][vc_column_text]</p>
<h2 style="text-align: center;">Service Traiteur</h2>
<p>[/vc_column_text][vc_single_image image= »2638&Prime; img_size= »300&#215;200&Prime; alignment= »center » style= »vc_box_rounded » onclick= »custom_link » link= »http://www.earllesfromentaux.com/catering/ »][vc_column_text]</p>
<p style="text-align: center;">Petit ou grand, formel ou informel, nous saurons vous proposer un menu qui satisfera vos goûts et votre budget. Anniversaire, fête de célébration, mariage, quelle que soit l’occasion, nous pouvons vous aider !</p>
<p style="text-align: center;"><strong><a href="http://www.earllesfromentaux.com/fr/cote-traiteur/">Cliquez ici pour plus d’information</a></strong></p>
<p>[/vc_column_text][/vc_column_inner][vc_column_inner width= »1/3&Prime;][vc_column_text]</p>
<h2 style="text-align: center;">Gâteaux pour occasions spéciales par Sue</h2>
<p>[/vc_column_text][vc_single_image image= »2635&Prime; img_size= »300&#215;200&Prime; alignment= »center » style= »vc_box_rounded » onclick= »custom_link » link= »http://www.earllesfromentaux.com/cakes »][vc_column_text]</p>
<p style="text-align: center;">Des gâteaux à façon pour vous permettre de célébrer votre occasion spéciale. Votre gâteau sera créé sur mesure, rien que pour vous et selon vos désidératas, et pour être la pièce centrale de votre table de fête. <a href="http://www.earllesfromentaux.com/fr/contact/"><strong>Contactez-nous</strong></a> pour en discuter et échanger des idées et les prix.</p>
<p>[/vc_column_text][/vc_column_inner][/vc_row_inner][rev_slider_vc alias= »accueil »][/vc_column][/vc_row]</p>
</div>

<p>[vc_row][vc_column css= ».vc_custom_1485266477660{background-color: #ede9d5 !important;} »][vc_column_text] Bienvenue à EARL Les Fromentaux Nous sommes localisés dans le département 36 (Indre) au centre de la France et nous sommes producteurs de viandes de bœuf, agneau, veau et volaille. Nous distribuons également du porc local, que nous travaillons ici à la ferme et transformons en saucisses à l’anglaise, bacon et [&hellip;]</p>
